{"id":919,"date":"2025-11-07T18:01:49","date_gmt":"2025-11-07T17:01:49","guid":{"rendered":"http:\/\/pause-papillon-sophrologie.fr\/?post_type=product&#038;p=919"},"modified":"2025-11-07T18:32:06","modified_gmt":"2025-11-07T17:32:06","slug":"concentre-de-soin-argent-reparation","status":"publish","type":"product","link":"https:\/\/pause-papillon-sophrologie.fr\/index.php\/produit\/concentre-de-soin-argent-reparation\/","title":{"rendered":"Concentr\u00e9 de Soin Argent &#8211; R\u00e9paration"},"content":{"rendered":"<p>Le <strong data-start=\"1308\" data-end=\"1345\">Concentr\u00e9 de Soin Argent Alt\u00e9arah<\/strong> aide \u00e0 rel\u00e2cher les tensions, \u00e0 purifier les \u00e9motions et \u00e0 ramener la paix int\u00e9rieure. Cette couleur soutient les processus naturels de r\u00e9g\u00e9n\u00e9ration et de lib\u00e9ration. C\u2019est une invitation \u00e0 l\u00e2cher le poids du stress, de la douleur et des \u00e9motions accumul\u00e9es.<\/p>\n<p data-start=\"2129\" data-end=\"2160\">A utiliser en application sur l&rsquo;ensemble du corps, selon son besoin et ses envies ou en olfaction pour renforcer la d\u00e9tente au quotidien.<\/p>\n<h6><span class=\"a_GcMg font-feature-liga-off font-feature-clig-off font-feature-calt-off text-decoration-none text-strikethrough-none\">Si vous rencontrez des probl\u00e8mes r\u00e9currents (insomnies, stress, angoisses, douleurs, maladies chroniques\u2026) il est fortement conseill\u00e9 de consulter votre m\u00e9decin, prendre votre traitement et de rencontrer pour commencer un(e) sophrologue \u00e0 son cabinet.<\/span><\/h6>\n<h6><span class=\"a_GcMg font-feature-liga-off font-feature-clig-off font-feature-calt-off text-decoration-none text-strikethrough-none\">Les huiles essentielles propos\u00e9es, accessibles, s\u00e9curitaires en diffusion ou olfaction, soutiennent directement l\u2019effet mais ne remplace pas un suivi m\u00e9dical. Il faut v\u00e9rifier vos possibles contre-indications. Leur usage est<\/span> <span class=\"a_GcMg font-feature-liga-off font-feature-clig-off font-feature-calt-off text-decoration-none text-strikethrough-none\">r\u00e9serv\u00e9 \u00e0 l\u2019adulte et enfant de plus de 6 ans, ne pas appliquer pure sur la peau sans avis, d\u00e9conseill\u00e9 aux femmes enceintes et allaitantes.<\/span><\/h6>\n","protected":false},"excerpt":{"rendered":"<p data-start=\"759\" data-end=\"985\">Id\u00e9al pour apaiser les tensions, revenir \u00e0 soi, au calme, \u00e0 sa respiration, le\u00a0 <strong data-start=\"801\" data-end=\"838\">Concentr\u00e9 de Soin Argent Alt\u00e9arah<\/strong>, vous accompagne \u00e0 chaque instant de la journ\u00e9e.<br data-start=\"813\" data-end=\"816\" \/>A utiliser en application sur l&rsquo;ensemble du corps ou en olfaction pour renforcer la d\u00e9tente au quotidien.<\/p>\n","protected":false},"featured_media":922,"template":"","meta":[],"product_brand":[],"product_cat":[19],"product_tag":[],"class_list":{"0":"post-919","1":"product","2":"type-product","3":"status-publish","4":"has-post-thumbnail","6":"product_cat-produits","8":"first","9":"instock","10":"shipping-taxable","11":"purchasable","12":"product-type-simple"},"jetpack_sharing_enabled":true,"_links":{"self":[{"href":"https:\/\/pause-papillon-sophrologie.fr\/index.php\/wp-json\/wp\/v2\/product\/919","targetHints":{"allow":["GET"]}}],"collection":[{"href":"https:\/\/pause-papillon-sophrologie.fr\/index.php\/wp-json\/wp\/v2\/product"}],"about":[{"href":"https:\/\/pause-papillon-sophrologie.fr\/index.php\/wp-json\/wp\/v2\/types\/product"}],"wp:featuredmedia":[{"embeddable":true,"href":"https:\/\/pause-papillon-sophrologie.fr\/index.php\/wp-json\/wp\/v2\/media\/922"}],"wp:attachment":[{"href":"https:\/\/pause-papillon-sophrologie.fr\/index.php\/wp-json\/wp\/v2\/media?parent=919"}],"wp:term":[{"taxonomy":"product_brand","embeddable":true,"href":"https:\/\/pause-papillon-sophrologie.fr\/index.php\/wp-json\/wp\/v2\/product_brand?post=919"},{"taxonomy":"product_cat","embeddable":true,"href":"https:\/\/pause-papillon-sophrologie.fr\/index.php\/wp-json\/wp\/v2\/product_cat?post=919"},{"taxonomy":"product_tag","embeddable":true,"href":"https:\/\/pause-papillon-sophrologie.fr\/index.php\/wp-json\/wp\/v2\/product_tag?post=919"}],"curies":[{"name":"wp","href":"https:\/\/api.w.org\/{rel}","templated":true}]}}