{"id":917,"date":"2025-11-07T17:41:58","date_gmt":"2025-11-07T16:41:58","guid":{"rendered":"http:\/\/pause-papillon-sophrologie.fr\/?post_type=product&#038;p=917"},"modified":"2025-11-07T18:35:08","modified_gmt":"2025-11-07T17:35:08","slug":"concentre-de-soin-vert-fraicheur","status":"publish","type":"product","link":"https:\/\/pause-papillon-sophrologie.fr\/index.php\/produit\/concentre-de-soin-vert-fraicheur\/","title":{"rendered":"Concentr\u00e9 de Soin Vert- Fra\u00eecheur"},"content":{"rendered":"<p data-start=\"1305\" data-end=\"1564\">Le <strong data-start=\"1308\" data-end=\"1345\">Concentr\u00e9 de Soin Vert Alt\u00e9arah<\/strong> accompagne la pr\u00e9paration au sommeil en invitant \u00e0 un retour \u00e0 soi, au calme et \u00e0 la respiration.<br data-start=\"1076\" data-end=\"1079\" \/>De fa\u00e7on plus g\u00e9n\u00e9rale, il aide \u00e0 apaiser les tensions accumul\u00e9es, \u00e0 d\u00e9tendre le corps et \u00e0 ouvrir un espace int\u00e9rieur propice \u00e0 l\u2019endormissement.<br data-start=\"1203\" data-end=\"1206\" \/>Une respiration plus libre, un mental apais\u00e9, un sommeil retrouv\u00e9.<\/p>\n<p data-start=\"2129\" data-end=\"2160\">A utiliser en application sur le diaphragme ou en olfaction pour renforcer la d\u00e9tente au quotidien.<\/p>\n<h6><span class=\"a_GcMg font-feature-liga-off font-feature-clig-off font-feature-calt-off text-decoration-none text-strikethrough-none\">Si vous rencontrez des probl\u00e8mes r\u00e9currents (insomnies, stress, angoisses, douleurs, maladies chroniques\u2026) il est fortement conseill\u00e9 de consulter votre m\u00e9decin, prendre votre traitement et de rencontrer pour commencer un(e) sophrologue \u00e0 son cabinet.<\/span><\/h6>\n<h6><span class=\"a_GcMg font-feature-liga-off font-feature-clig-off font-feature-calt-off text-decoration-none text-strikethrough-none\">Les huiles essentielles propos\u00e9es, accessibles, s\u00e9curitaires en diffusion ou olfaction, soutiennent directement l\u2019effet mais ne remplace pas un suivi m\u00e9dical. Il faut v\u00e9rifier vos possibles contre-indications. Leur usage est<\/span> <span class=\"a_GcMg font-feature-liga-off font-feature-clig-off font-feature-calt-off text-decoration-none text-strikethrough-none\">r\u00e9serv\u00e9 \u00e0 l\u2019adulte et enfant de plus de 6 ans, ne pas appliquer pure sur la peau sans avis, d\u00e9conseill\u00e9 aux femmes enceintes et allaitantes.<\/span><\/h6>\n","protected":false},"excerpt":{"rendered":"<p data-start=\"759\" data-end=\"985\">Id\u00e9al pour apaiser les tensions, revenir \u00e0 soi, au calme, \u00e0 sa respiration, le\u00a0 <strong data-start=\"801\" data-end=\"838\">Concentr\u00e9 de Soin Vert Alt\u00e9arah<\/strong>, vous accompagne \u00e0 chaque instant de la journ\u00e9e.<br data-start=\"813\" data-end=\"816\" \/>A utiliser en application sur le diaphragme ou en olfaction pour renforcer la d\u00e9tente au quotidien.<\/p>\n","protected":false},"featured_media":921,"template":"","meta":[],"product_brand":[],"product_cat":[19],"product_tag":[],"class_list":{"0":"post-917","1":"product","2":"type-product","3":"status-publish","4":"has-post-thumbnail","6":"product_cat-produits","8":"first","9":"instock","10":"shipping-taxable","11":"purchasable","12":"product-type-simple"},"jetpack_sharing_enabled":true,"_links":{"self":[{"href":"https:\/\/pause-papillon-sophrologie.fr\/index.php\/wp-json\/wp\/v2\/product\/917","targetHints":{"allow":["GET"]}}],"collection":[{"href":"https:\/\/pause-papillon-sophrologie.fr\/index.php\/wp-json\/wp\/v2\/product"}],"about":[{"href":"https:\/\/pause-papillon-sophrologie.fr\/index.php\/wp-json\/wp\/v2\/types\/product"}],"wp:featuredmedia":[{"embeddable":true,"href":"https:\/\/pause-papillon-sophrologie.fr\/index.php\/wp-json\/wp\/v2\/media\/921"}],"wp:attachment":[{"href":"https:\/\/pause-papillon-sophrologie.fr\/index.php\/wp-json\/wp\/v2\/media?parent=917"}],"wp:term":[{"taxonomy":"product_brand","embeddable":true,"href":"https:\/\/pause-papillon-sophrologie.fr\/index.php\/wp-json\/wp\/v2\/product_brand?post=917"},{"taxonomy":"product_cat","embeddable":true,"href":"https:\/\/pause-papillon-sophrologie.fr\/index.php\/wp-json\/wp\/v2\/product_cat?post=917"},{"taxonomy":"product_tag","embeddable":true,"href":"https:\/\/pause-papillon-sophrologie.fr\/index.php\/wp-json\/wp\/v2\/product_tag?post=917"}],"curies":[{"name":"wp","href":"https:\/\/api.w.org\/{rel}","templated":true}]}}