{"id":852,"date":"2025-10-07T15:50:44","date_gmt":"2025-10-07T13:50:44","guid":{"rendered":"http:\/\/pause-papillon-sophrologie.fr\/?post_type=product&#038;p=852"},"modified":"2025-11-07T18:01:07","modified_gmt":"2025-11-07T17:01:07","slug":"pack-soulagement-et-detente-genius","status":"publish","type":"product","link":"https:\/\/pause-papillon-sophrologie.fr\/index.php\/produit\/pack-soulagement-et-detente-genius\/","title":{"rendered":"Pack Soulagement et D\u00e9tente G\u00e9nius"},"content":{"rendered":"<p>Offrez-vous un moment de relaxation et de soutien \u00e9motionnel. avec ce pack \u00ab\u00a0<strong>Soulagement &amp; D\u00e9tente<\/strong>\u00a0\u00bb alliant la sophrologie et l\u2019\u00e9nergie des couleurs Alt\u00e9arah.<\/p>\n<p>Ce pack est pens\u00e9 pour vous accompagner si vous \u00eates sujet aux tensions, douleurs ou fatigue accumul\u00e9e. Les audios durent entre 5 et 12 minutes. Vous pourrez selon vos envies, choisir une des 5 couleurs essentielles du coffret Alt\u00e9arah :<\/p>\n<p>Turquoise \u2013 S\u00e9r\u00e9nit\u00e9, \u00c9meraude \u2013 Oxyg\u00e8ne, Blanc \u2013 Puret\u00e9, Orange \u2013 Cr\u00e9ativit\u00e9 et Pourpre \u2013 \u00c9nergie<\/p>\n<p data-start=\"1351\" data-end=\"1449\">Pourquoi vous proposer d\u2019associer les parfums de soin Alt\u00e9arah ? Parce que chaque parfum est une ressource \u00e9motionnelle. Selon vos besoins ou vos envies du moment, vous pouvez choisir votre couleur ou faire un tirage \u00e0 l\u2019aveugle, pulv\u00e9riser le produit dans vos mains ou sur une lingette, un tissu ou en vaporisation autour de vous.<\/p>\n<h6><span class=\"a_GcMg font-feature-liga-off font-feature-clig-off font-feature-calt-off text-decoration-none text-strikethrough-none\">Si vous rencontrez des probl\u00e8mes r\u00e9currents (insomnies, stress, angoisses, douleurs, maladies chroniques\u2026) il est fortement conseill\u00e9 de consulter votre m\u00e9decin, prendre votre traitement et de rencontrer pour commencer un(e) sophrologue \u00e0 son cabinet. <\/span><span class=\"a_GcMg font-feature-liga-off font-feature-clig-off font-feature-calt-off text-decoration-none text-strikethrough-none\">Les huiles essentielles propos\u00e9es, accessibles, s\u00e9curitaires en diffusion ou olfaction, soutiennent directement l\u2019effet mais ne remplace pas un suivi m\u00e9dical. Il faut v\u00e9rifier vos possibles contre-indications. Leur usage est<\/span> <span class=\"a_GcMg font-feature-liga-off font-feature-clig-off font-feature-calt-off text-decoration-none text-strikethrough-none\">r\u00e9serv\u00e9 \u00e0 l\u2019adulte et enfant de plus de 6 ans, ne pas appliquer pure sur la peau sans avis, d\u00e9conseill\u00e9 aux femmes enceintes et allaitantes.\u00a0<\/span><span class=\"a_GcMg font-feature-liga-off font-feature-clig-off font-feature-calt-off text-decoration-none text-strikethrough-none\">Les s\u00e9ances audios sont une exp\u00e9rience de d\u00e9tente et de bien-\u00eatre, non un traitement.<\/span><\/h6>\n<p>Une fois votre commande valid\u00e9e, vous recevrez vos fichiers sur le mail li\u00e9 \u00e0 votre commande. Vous pourrez\u00a0<strong data-start=\"955\" data-end=\"999\">t\u00e9l\u00e9charger vos audios deux fois<\/strong> dans un <strong data-start=\"1008\" data-end=\"1027\">d\u00e9lai de 3 mois<\/strong> \u00e0 compter de la date de votre achat.\u00a0Nous vous recommandons d\u2019enregistrer vos fichiers sur votre t\u00e9l\u00e9phone, tablette ou ordinateur d\u00e8s la premi\u00e8re utilisation.<\/p>\n<p>&nbsp;<\/p>\n","protected":false},"excerpt":{"rendered":"<p>Un rituel complet pour apaiser le corps et l\u2019esprit gr\u00e2ce \u00e0 4 audios de sophrologie guid\u00e9s et du coffret de 5 parfums de soin Alt\u00e9arah.<br data-start=\"544\" data-end=\"547\" \/>Choisissez, selon votre besoin ou votre envie du moment, la couleur qui vous accompagnera au mieux.<\/p>\n","protected":false},"featured_media":853,"template":"","meta":[],"product_brand":[],"product_cat":[18,19],"product_tag":[],"class_list":{"0":"post-852","1":"product","2":"type-product","3":"status-publish","4":"has-post-thumbnail","6":"product_cat-audio","7":"product_cat-produits","9":"first","10":"instock","11":"downloadable","12":"shipping-taxable","13":"purchasable","14":"product-type-simple"},"jetpack_sharing_enabled":true,"_links":{"self":[{"href":"https:\/\/pause-papillon-sophrologie.fr\/index.php\/wp-json\/wp\/v2\/product\/852","targetHints":{"allow":["GET"]}}],"collection":[{"href":"https:\/\/pause-papillon-sophrologie.fr\/index.php\/wp-json\/wp\/v2\/product"}],"about":[{"href":"https:\/\/pause-papillon-sophrologie.fr\/index.php\/wp-json\/wp\/v2\/types\/product"}],"wp:featuredmedia":[{"embeddable":true,"href":"https:\/\/pause-papillon-sophrologie.fr\/index.php\/wp-json\/wp\/v2\/media\/853"}],"wp:attachment":[{"href":"https:\/\/pause-papillon-sophrologie.fr\/index.php\/wp-json\/wp\/v2\/media?parent=852"}],"wp:term":[{"taxonomy":"product_brand","embeddable":true,"href":"https:\/\/pause-papillon-sophrologie.fr\/index.php\/wp-json\/wp\/v2\/product_brand?post=852"},{"taxonomy":"product_cat","embeddable":true,"href":"https:\/\/pause-papillon-sophrologie.fr\/index.php\/wp-json\/wp\/v2\/product_cat?post=852"},{"taxonomy":"product_tag","embeddable":true,"href":"https:\/\/pause-papillon-sophrologie.fr\/index.php\/wp-json\/wp\/v2\/product_tag?post=852"}],"curies":[{"name":"wp","href":"https:\/\/api.w.org\/{rel}","templated":true}]}}