{"id":840,"date":"2025-10-07T15:11:38","date_gmt":"2025-10-07T13:11:38","guid":{"rendered":"http:\/\/pause-papillon-sophrologie.fr\/?post_type=product&#038;p=840"},"modified":"2025-11-07T18:00:05","modified_gmt":"2025-11-07T17:00:05","slug":"pack-soulagement-detente","status":"publish","type":"product","link":"https:\/\/pause-papillon-sophrologie.fr\/index.php\/produit\/pack-soulagement-detente\/","title":{"rendered":"Pack Soulagement &#038; D\u00e9tente"},"content":{"rendered":"<p data-start=\"1627\" data-end=\"1762\">Ce pack \u00ab\u00a0<strong>Soulagement &amp; D\u00e9tente<\/strong>\u00ab\u00a0est une invitation \u00e0 \u00e9couter et apaiser le corps, \u00e0 retrouver du confort et du calme malgr\u00e9 la douleur ou la fatigue.<\/p>\n<p data-start=\"1764\" data-end=\"1958\">\u00c0 travers 4 audios de sophrologie guid\u00e9e, d&rsquo;une dur\u00e9e de 4-5 mn chacun, je vous accompagne pas \u00e0 pas pour rel\u00e2cher les tensions, retrouver une sensation de bien-\u00eatre int\u00e9rieur.<\/p>\n<p>Pour accompagner ces audios, je vous conseille l&rsquo;huile essentielle de Gaulth\u00e9rie couch\u00e9e. Son parfum soutient la d\u00e9tente musculaire et \u00e9motionnelle, elle aide \u00e0 rel\u00e2cher le corps en profondeur apportant une sensation d\u2019enveloppement et de r\u00e9confort.<\/p>\n<h6><span class=\"a_GcMg font-feature-liga-off font-feature-clig-off font-feature-calt-off text-decoration-none text-strikethrough-none\">Si vous rencontrez des probl\u00e8mes r\u00e9currents (insomnies, stress, angoisses, douleurs, maladies chroniques\u2026) il est fortement conseill\u00e9 de consulter votre m\u00e9decin, prendre votre traitement et de rencontrer pour commencer un(e) sophrologue \u00e0 son cabinet. <\/span><span class=\"a_GcMg font-feature-liga-off font-feature-clig-off font-feature-calt-off text-decoration-none text-strikethrough-none\">Les huiles essentielles propos\u00e9es, accessibles, s\u00e9curitaires en diffusion ou olfaction, soutiennent directement l\u2019effet mais ne remplace pas un suivi m\u00e9dical. Il faut v\u00e9rifier vos possibles contre-indications. Leur usage est<\/span> <span class=\"a_GcMg font-feature-liga-off font-feature-clig-off font-feature-calt-off text-decoration-none text-strikethrough-none\">r\u00e9serv\u00e9 \u00e0 l\u2019adulte et enfant de plus de 6 ans, ne pas appliquer pure sur la peau sans avis, d\u00e9conseill\u00e9 aux femmes enceintes et allaitantes.\u00a0<\/span><span class=\"a_GcMg font-feature-liga-off font-feature-clig-off font-feature-calt-off text-decoration-none text-strikethrough-none\">Les s\u00e9ances audios sont une exp\u00e9rience de d\u00e9tente et de bien-\u00eatre, non un traitement.<\/span><\/h6>\n<p>Une fois votre commande valid\u00e9e, vous recevrez vos fichiers sur le mail li\u00e9 \u00e0 votre commande. Vous pourrez\u00a0<strong data-start=\"955\" data-end=\"999\">t\u00e9l\u00e9charger vos audios deux fois<\/strong> dans un <strong data-start=\"1008\" data-end=\"1027\">d\u00e9lai de 3 mois<\/strong> \u00e0 compter de la date de votre achat.\u00a0Nous vous recommandons d\u2019enregistrer vos fichiers sur votre t\u00e9l\u00e9phone, tablette ou ordinateur d\u00e8s la premi\u00e8re utilisation.<\/p>\n<p>&nbsp;<\/p>\n","protected":false},"excerpt":{"rendered":"<p>Lib\u00e9rer les tensions, retrouver apaisement et l\u00e9g\u00e8ret\u00e9 gr\u00e2ce \u00e0 4 audios de sophrologie con\u00e7us pour accompagner les moments de tension ou de douleur chronique.<br data-start=\"1338\" data-end=\"1341\" \/>Pourquoi ne pas associer l\u2019huile essentielle de <strong data-start=\"1364\" data-end=\"1386\">Gaulth\u00e9rie couch\u00e9e<\/strong> pour compl\u00e9ter ce rituel en favorisant le rel\u00e2chement musculaire et la d\u00e9tente profonde.<\/p>\n","protected":false},"featured_media":849,"template":"","meta":[],"product_brand":[],"product_cat":[18],"product_tag":[],"class_list":{"0":"post-840","1":"product","2":"type-product","3":"status-publish","4":"has-post-thumbnail","6":"product_cat-audio","8":"first","9":"instock","10":"downloadable","11":"virtual","12":"purchasable","13":"product-type-simple"},"jetpack_sharing_enabled":true,"_links":{"self":[{"href":"https:\/\/pause-papillon-sophrologie.fr\/index.php\/wp-json\/wp\/v2\/product\/840","targetHints":{"allow":["GET"]}}],"collection":[{"href":"https:\/\/pause-papillon-sophrologie.fr\/index.php\/wp-json\/wp\/v2\/product"}],"about":[{"href":"https:\/\/pause-papillon-sophrologie.fr\/index.php\/wp-json\/wp\/v2\/types\/product"}],"wp:featuredmedia":[{"embeddable":true,"href":"https:\/\/pause-papillon-sophrologie.fr\/index.php\/wp-json\/wp\/v2\/media\/849"}],"wp:attachment":[{"href":"https:\/\/pause-papillon-sophrologie.fr\/index.php\/wp-json\/wp\/v2\/media?parent=840"}],"wp:term":[{"taxonomy":"product_brand","embeddable":true,"href":"https:\/\/pause-papillon-sophrologie.fr\/index.php\/wp-json\/wp\/v2\/product_brand?post=840"},{"taxonomy":"product_cat","embeddable":true,"href":"https:\/\/pause-papillon-sophrologie.fr\/index.php\/wp-json\/wp\/v2\/product_cat?post=840"},{"taxonomy":"product_tag","embeddable":true,"href":"https:\/\/pause-papillon-sophrologie.fr\/index.php\/wp-json\/wp\/v2\/product_tag?post=840"}],"curies":[{"name":"wp","href":"https:\/\/api.w.org\/{rel}","templated":true}]}}